e 13.
-4
8213 (base 14) to base 16
5759
Convert -35545 (base 9) to base 11.
-16953
-21301 (base 4) to base 10
-625
Convert 302623 (base 7) to base 5.
3121133
What is a9a (base 11) in base 2?
10100100111
152 (base 9) to base 12
a8
-1299 (base 16) to base 9
-6470
What is -7596 (base 13) in base 9?
-24373
What is -11bb (base 12) in base 15?
-8e5
Convert -11100010101 (base 2) to base 9.
-2434
What is -3522 (base 6) in base 8?
-1512
What is -11604 (base 7) in base 6?
-22030
1c418 (base 13) to base 10
55622
-4885 (base 9) to base 6
-24505
237 (base 9) to base 12
144
Convert 412 (base 12) to base 8.
1116
Convert -56 (base 11) to base 15.
-41
Convert 10087 (base 9) to base 15.
1e7a
-4bf6 (base 16) to base 13
-8b0b
Convert -2132 (base 5) to base 8.
-444
Convert -101 (base 9) to base 12.
-6a
What is -1022021 (base 3) in base 14?
-4c0
Convert -42603 (base 9) to base 4.
-12320133
What is -d139 (base 14) in base 4?
-20301033
-201000 (base 3) to base 15
-243
What is -45212 (base 6) in base 10?
-6344
What is 397 (base 11) in base 15?
214
What is -690 (base 10) in base 11?
-578
a2e (base 15) to base 6
14342
2338 (base 9) to base 14
8c0
Convert 1061 (base 10) to base 4.
100211
Convert -2db9 (base 16) to base 2.
-10110110111001
-39316 (base 10) to base 5
-2224231
What is 221101101 (base 3) in base 15?
573a
-300130 (base 5) to base 10
-9415
-1232120 (base 4) to base 5
-211224
What is 1511 (base 11) in base 14?
9d2
11530 (base 8) to base 2
1001101011000
Convert 234 (base 11) to base 15.
139
4406 (base 7) to base 10
1574
Convert 202303 (base 4) to base 7.
6331
Convert -2394 (base 16) to base 4.
-2032110
What is 3c (base 14) in base 13?
42
-3682 (base 9) to base 5
-41442
What is 5669 (base 10) in base 2?
1011000100101
4b8e (base 15) to base 4
3323231
1001015 (base 6) to base 3
2101022102
Convert 2d66 (base 15) to base 13.
45a8
What is 5127 (base 9) in base 16?
ea7
What is -290 (base 12) in base 16?
-18c
What is 1423 (base 6) in base 7?
1044
What is 100 (base 8) in base 16?
40
What is 20112 (base 7) in base 6?
34300
-13514 (base 12) to base 6
-323224
2615 (base 15) to base 13
3908
Convert 475 (base 8) to base 5.
2232
Convert 1160 (base 15) to base 4.
321222
What is 12122211 (base 3) in base 4?
1000132
Convert 30034 (base 6) to base 12.
231a
10100011110 (base 2) to base 9
1715
-509 (base 10) to base 15
-23e
What is 156 (base 16) in base 4?
11112
Convert 875 (base 15) to base 12.
1132
Convert 1002230 (base 4) to base 13.
1c34
-130144 (base 5) to base 15
-1769
Convert 30c (base 14) to base 10.
600
Convert -145 (base 6) to base 4.
-1001
-3d6d (base 15) to base 3
-200001011
Convert -110 (base 4) to base 15.
-15
-11000011 (base 3) to base 10
-2920
What is -6073 (base 10) in base 2?
-1011110111001
Convert 11011000100 (base 2) to base 7.
5023
Convert -1010211 (base 3) to base 12.
-594
Convert 1a1 (base 15) to base 16.
178
Convert -10203110 (base 4) to base 12.
-a958
11603 (base 7) to base 12
1915
What is 2144313 (base 5) in base 13?
14085
Convert -592 (base 11) to base 15.
-321
2061 (base 10) to base 5
31221
-2222 (base 3) to base 9
-88
Convert -5a28 (base 11) to base 2.
-1111011010111
What is -51a6 (base 13) in base 11?
-8534
Convert 365 (base 9) to base 5.
2202
Convert a44 (base 15) to base 9.
3151
-1839 (base 10) to base 11
-1422
Convert -53160 (base 7) to base 13.
-5c88
5534 (base 11) to base 9
11007
Convert -325033 (base 7) to base 2.
-1101111010000010
Convert -6560 (base 8) to base 15.
-1045
What is 1000011100010 (base 2) in base 9?
5832
1524 (base 6) to base 13
259
What is -4 (base 9) in base 4?
-10
Convert 857 (base 13) to base 4.
112100
Convert 220213 (base 4) to base 2.
101000100111
-10021002 (base 3) to base 14
-c1c
What is -20123 (base 4) in base 11?
-450
Convert 7d6 (base 14) to base 5.
22220
-3678 (base 9) to base 12
-1708
What is 334 (base 8) in base 3?
22011
What is -102113020 (base 4) in base 3?
-10211011111
Convert -3525 (base 6) to base 16.
-34d
Convert 462 (base 9) to base 14.
1d2
Convert 11212221 (base 3) to base 8.
6752
What is -241211 (base 7) in base 8?
-125223
Convert 731 (base 8) to base 3.
122112
What is 855 (base 12) in base 15?
562
-131a (base 14) to base 3
-11121022
What is -1001222110 (base 3) in base 2?
-101001010000110
Convert 4b43 (base 16) to base 10.
19267
What is 5446 (base 7) in base 13?
b68
11001110101001 (base 2) to base 6
141121
Convert -220 (base 12) to base 8.
-470
Convert -11101110101 (base 2) to base 16.
-775
-1b658 (base 12) to base 6
-512152
What is 100110101001 (base 2) in base 4?
212221
21378 (base 9) to base 3
201102122
What is -2962 (base 13) in base 11?
-4560
11444 (base 5) to base 14
466
-340 (base 7) to base 9
-214
Convert -12421 (base 7) to base 12.
-1aaa
-121c (base 14) to base 16
-c5a
9285 (base 15) to base 2
111100011100110
1475 (base 10) to base 3
2000122
What is -131302 (base 4) in base 16?
-772
Convert 1c33 (base 14) to base 9.
7042
-22012110 (base 3) to base 2
-1011101011011
5886 (base 15) to base 6
223013
What is 10200001 (base 3) in base 8?
5162
-2d9e (base 15) to base 6
-113252
What is -125534 (base 6) in base 11?
-8831
-461 (base 7) to base 15
-10e
-42058 (base 9) to base 5
-1342010
Convert -36a7 (base 12) to base 5.
-144200
Convert 2561 (base 10) to base 6.
15505
What is 2222021 (base 3) in base 10?
2167
What is 1919 (base 16) in base 12?
3875
What is -23123 (base 4) in base 8?
-1333
Convert -101 (base 6) to base 10.
-37
Convert 41 (base 16) to base 5.
230
Convert -1000001 (base 2) to base 14.
-49
-1c0 (base 16) to base 4
-13000
What is -6539 (base 12) in base 4?
-2231331
Convert -a476 (base 12) to base 3.
-220121200
-5360 (base 9) to base 5
-111232
Convert 202210 (base 3) to base 9.
683
What is 44110 (base 7) in base 9?
16117
-5410 (base 7) to base 3
-2122001
Convert 1401 (base 9) to base 7.
3034
What is -1172 (base 9) in base 10?
-875
2 (base 12) to base 5
2
What is 50908 (base 10) in base 11?
35280
7875 (base 11) to base 5
312432
55051 (base 6) to base 12
4487
Convert 1001332 (base 4) to base 10.
4222
What is -36601 (base 9) in base 10?
-24544
405 (base 7) to base 5
1301
Convert -432 (base 10) to base 3.
-121000
14243 (base 7) to base 2
111100111110
What is 40510 (base 6) in base 15?
18d0
Convert -111445 (base 6) to base 3.
-110222102
What is 1200030 (base 4) in base 13?
2a57
100011111001 (base 2) to base 3
10011002
143432 (base 6) to base 15
4132
817 (base 14) to base 13
953
What is -26053 (base 8) in base 4?
-2300223
What is -13141 (base 6) in base 12?
-11b1
23cc (base 16) to base 12
5378
Convert 2134 (base 13) to base 4.
1013332
What is 312031 (base 4) in base 15?
1064
What is -4315 (base 10) in base 16?
-10db
796 (base 16) to base 15
897
Convert 11317 (base 10) to base 3.
120112011
Convert -133640 (base 7) to base 3.
-1021210022
-112010 (base 3) to base 11
-317
-2552 (base 8) to base 16
-56a
Convert -14141 (base 5) to base 15.
-531
-11b (base 12) to base 6
-435
Convert 3300233 (base 4) to base 8.
36057
What is -1339 (base 13) in base 14?
-1008
112210 (base 3) to base 9
483
Convert -344 (base 5) to base 6.
-243
What is -10401 (base 5) in base 6?
-3210
What is -125 (base 7) in base 3?
-2112
-52244 (base 6) to base 16
-1b64
What is -555 (base 10) in base 3?
-202120
Convert -1012020 (base 3) to base 14.
-462
What is -511 (base 8) in base 14?
-197
-1254 (base 7) to base 3
-122210
Convert -27167 (base 9) to base 15.
-5697
What is 1458 (base 16) in base 4?
1101120
72e (base 16) to base 15
828
What is 201121200 (base 3) in base 8?
33735
-171 (base 8) to base 9
-144
Convert -11401 (base 11) to base 5.
-1011312
What is -314231 (base 6) in base 11?
-18244
Convert 101021111 (base 3) to base 16.
1d44
-1223 (base 6) to base 10
-303
What is 961 (base 13) in base 2?
11001000000
What is 37042 (base 8) in base 3?
210211010
-41118 (base 10) to base 12
-1b966
Convert -7303 (base 9) to base 5.
-132344
Convert -1000001100 (base 2) to base 4.
-20030
15631 (base 8) to base 13
32a6
Convert -971 (base 12) to base 4.
-111211
-20879 (base 10) to base 5
-1132004
What is 469 (base 12) in base 14?
34d
-300 (base 11) to base 16
-16b
Convert 7279 (base 10) to base 9.
10877
What is -502 (base 16) in base 9?
-1674
Convert 5532 (base 16) to base 3.
1002220210
Convert -2b61 (base 16) to base 12.
-6515
What is -35611 (base 7) in base